{"id":748,"date":"2024-10-03T13:19:57","date_gmt":"2024-10-03T11:19:57","guid":{"rendered":"https:\/\/supelaur.eus\/project\/olentzeroren-kalejira\/"},"modified":"2024-12-16T14:25:12","modified_gmt":"2024-12-16T13:25:12","slug":"olentzeroren-kalejira","status":"publish","type":"project","link":"https:\/\/supelaur.eus\/es\/project\/olentzeroren-kalejira\/","title":{"rendered":"Olentzeroren kalejira"},"content":{"rendered":"<p>[et_pb_section fb_built=\u00bb1&#8243; _builder_version=\u00bb4.27.0&#8243; _module_preset=\u00bbdefault\u00bb custom_padding=\u00bb87px||7px|||\u00bb locked=\u00bboff\u00bb global_colors_info=\u00bb{}\u00bb][et_pb_row _builder_version=\u00bb4.27.0&#8243; _module_preset=\u00bbdefault\u00bb max_width=\u00bb2250px\u00bb custom_padding=\u00bb17px||102px|||\u00bb global_colors_info=\u00bb{}\u00bb][et_pb_column type=\u00bb4_4&#8243; _builder_version=\u00bb4.27.0&#8243; _module_preset=\u00bbdefault\u00bb global_colors_info=\u00bb{}\u00bb][et_pb_heading title=\u00bbOlentzeroren kalejira\u00bb _builder_version=\u00bb4.27.0&#8243; _module_preset=\u00bbdefault\u00bb custom_margin=\u00bb||15px|||\u00bb global_colors_info=\u00bb{}\u00bb][\/et_pb_heading][et_pb_text _builder_version=\u00bb4.27.0&#8243; _module_preset=\u00bbdefault\u00bb text_font=\u00bbOpen Sans||||||||\u00bb header_6_font=\u00bbOpen Sans||||||||\u00bb header_6_line_height=\u00bb1.5em\u00bb width=\u00bb100%\u00bb custom_margin=\u00bb||15px|||\u00bb global_colors_info=\u00bb{}\u00bb]<\/p>\n<h6><em>El pr\u00f3ximo dia 24 volvemos a celebrar la llegada de Olentzero a Orozko.<br \/><\/em><\/h6>\n<p>[\/et_pb_text][et_pb_text _builder_version=\u00bb4.27.0&#8243; _module_preset=\u00bbdefault\u00bb text_font=\u00bbOpen Sans||||||||\u00bb header_6_font=\u00bbOpen Sans||||||||\u00bb header_6_line_height=\u00bb1.5em\u00bb width=\u00bb100%\u00bb global_colors_info=\u00bb{}\u00bb]<\/p>\n<p>Como todos los a\u00f1os, Supelaur Kultur Elkartea se encarga de organizar la kalejira de Olentzero.<\/p>\n<p>Esta kalekira, animada por txistularis, partir\u00e1 a las 16:30 desde la Residencia en Andra Mari y recorrer\u00e1 las calles del municipio hasta terminar en la Herriko Plaza.<\/p>\n<p>Aqui, Olentzero recibir\u00e1 a todos l@s ni\u00f1@s que quieran para sacarse una foto y entregar\u00e1 un peque\u00f1o regalo a l@s participantes.<\/p>\n<p>Durante el recorrido se lanzar\u00e1n caramelos para l@s mas peque\u00f1@s.<\/p>\n<p>&nbsp;<\/p>\n<p>&nbsp;<\/p>\n<p>[\/et_pb_text][et_pb_gallery gallery_ids=\u00bb800,793,802,804&#8243; posts_number=\u00bb50&#8243; show_title_and_caption=\u00bboff\u00bb zoom_icon_color=\u00bbRGBA(255,255,255,0)\u00bb hover_overlay_color=\u00bbRGBA(255,255,255,0)\u00bb _builder_version=\u00bb4.27.0&#8243; _module_preset=\u00bbdefault\u00bb hover_enabled=\u00bb0&#8243; locked=\u00bboff\u00bb global_colors_info=\u00bb{}\u00bb sticky_enabled=\u00bb0&#8243;][\/et_pb_gallery][\/et_pb_column][\/et_pb_row][\/et_pb_section]<\/p>\n","protected":false},"excerpt":{"rendered":"<p>El pr\u00f3ximo dia 24 volvemos a celebrar la llegada de Olentzero a Orozko.Como todos los a\u00f1os, Supelaur Kultur Elkartea se encarga de organizar la kalejira de Olentzero. Esta kalekira, animada por txistularis, partir\u00e1 a las 16:30 desde la Residencia en Andra Mari y recorrer\u00e1 las calles del municipio hasta terminar en la Herriko Plaza. Aqui, [&hellip;]<\/p>\n","protected":false},"author":1,"featured_media":443,"comment_status":"closed","ping_status":"closed","template":"","meta":{"_et_pb_use_builder":"on","_et_pb_old_content":"","_et_gb_content_width":"","footnotes":""},"project_category":[5,14],"project_tag":[],"class_list":["post-748","project","type-project","status-publish","has-post-thumbnail","hentry","project_category-albisteak","project_category-noticias-nivel-2"],"_links":{"self":[{"href":"https:\/\/supelaur.eus\/es\/wp-json\/wp\/v2\/project\/748","targetHints":{"allow":["GET"]}}],"collection":[{"href":"https:\/\/supelaur.eus\/es\/wp-json\/wp\/v2\/project"}],"about":[{"href":"https:\/\/supelaur.eus\/es\/wp-json\/wp\/v2\/types\/project"}],"author":[{"embeddable":true,"href":"https:\/\/supelaur.eus\/es\/wp-json\/wp\/v2\/users\/1"}],"replies":[{"embeddable":true,"href":"https:\/\/supelaur.eus\/es\/wp-json\/wp\/v2\/comments?post=748"}],"version-history":[{"count":6,"href":"https:\/\/supelaur.eus\/es\/wp-json\/wp\/v2\/project\/748\/revisions"}],"predecessor-version":[{"id":808,"href":"https:\/\/supelaur.eus\/es\/wp-json\/wp\/v2\/project\/748\/revisions\/808"}],"wp:featuredmedia":[{"embeddable":true,"href":"https:\/\/supelaur.eus\/es\/wp-json\/wp\/v2\/media\/443"}],"wp:attachment":[{"href":"https:\/\/supelaur.eus\/es\/wp-json\/wp\/v2\/media?parent=748"}],"wp:term":[{"taxonomy":"project_category","embeddable":true,"href":"https:\/\/supelaur.eus\/es\/wp-json\/wp\/v2\/project_category?post=748"},{"taxonomy":"project_tag","embeddable":true,"href":"https:\/\/supelaur.eus\/es\/wp-json\/wp\/v2\/project_tag?post=748"}],"curies":[{"name":"wp","href":"https:\/\/api.w.org\/{rel}","templated":true}]}}

<p>[et_pb_section fb_built=»1&#8243; _builder_version=»4.27.0&#8243; _module_preset=»default» custom_padding=»87px||7px|||» locked=»off» global_colors_info=»{}»][et_pb_row _builder_version=»4.27.0&#8243; _module_preset=»default» max_width=»2250px» custom_padding=»17px||102px|||» global_colors_info=»{}»][et_pb_column type=»4_4&#8243; _builder_version=»4.27.0&#8243; _module_preset=»default» global_colors_info=»{}»][et_pb_heading title=»Olentzeroren kalejira» _builder_version=»4.27.0&#8243; _module_preset=»default» custom_margin=»||15px|||» global_colors_info=»{}»][/et_pb_heading][et_pb_text _builder_version=»4.27.0&#8243; _module_preset=»default» text_font=»Open Sans||||||||» header_6_font=»Open Sans||||||||» header_6_line_height=»1.5em» width=»100%» custom_margin=»||15px|||» global_colors_info=»{}»]</p>
<h6><em>El próximo dia 24 volvemos a celebrar la llegada de Olentzero a Orozko.<br /></em></h6>
<p>[/et_pb_text][et_pb_text _builder_version=»4.27.0&#8243; _module_preset=»default» text_font=»Open Sans||||||||» header_6_font=»Open Sans||||||||» header_6_line_height=»1.5em» width=»100%» global_colors_info=»{}»]</p>
<p>Como todos los años, Supelaur Kultur Elkartea se encarga de organizar la kalejira de Olentzero.</p>
<p>Esta kalekira, animada por txistularis, partirá a las 16:30 desde la Residencia en Andra Mari y recorrerá las calles del municipio hasta terminar en la Herriko Plaza.</p>
<p>Aqui, Olentzero recibirá a todos l@s niñ@s que quieran para sacarse una foto y entregará un pequeño regalo a l@s participantes.</p>
<p>Durante el recorrido se lanzarán caramelos para l@s mas pequeñ@s.</p>
<p>&nbsp;</p>
<p>&nbsp;</p>
<p>[/et_pb_text][et_pb_gallery gallery_ids=»800,793,802,804&#8243; posts_number=»50&#8243; show_title_and_caption=»off» zoom_icon_color=»RGBA(255,255,255,0)» hover_overlay_color=»RGBA(255,255,255,0)» _builder_version=»4.27.0&#8243; _module_preset=»default» hover_enabled=»0&#8243; locked=»off» global_colors_info=»{}» sticky_enabled=»0&#8243;][/et_pb_gallery][/et_pb_column][/et_pb_row][/et_pb_section]</p>

<p>El próximo dia 24 volvemos a celebrar la llegada de Olentzero a Orozko.Como todos los años, Supelaur Kultur Elkartea se encarga de organizar la kalejira de Olentzero. Esta kalekira, animada por txistularis, partirá a las 16:30 desde la Residencia en Andra Mari y recorrerá las calles del municipio hasta terminar en la Herriko Plaza. Aqui, [&hellip;]</p>
